is divided by k?
10
Suppose b = 24*b - 1242. Let v be -5*((-3)/1 - -2). Suppose f - 23 = v. What is the remainder when b is divided by f?
26
Calculate the remainder when 138 is divided by (13/2 + 4)/((-2)/(-4)).
12
Let p = -3 - -11. Suppose -2*y + m + 162 = 4*m, -2*m + p = 0. What is the remainder when y is divided by 11?
9
Let t = -533 + 687. Calculate the remainder when t is divided by 39.
37
Suppose 37 = -3*y - 8. Calculate the remainder when (-28)/(-3) + 5/y is divided by 5.
4
Let g be -5 - -9 - (2 - 1). What is the remainder when 43 is divided by 23 + (-9)/g + 2?
21
Let l = 30 + -30. Suppose 2*c - 2*q = -l*c - 20, 0 = -3*c - q - 42. Let y = c + 107. What is the remainder when y is divided by 24?
22
Let c(f) = f**2 - 9*f + 51. What is the remainder when 343 is divided by c(12)?
82
Suppose -j + 2 = 6. Let b(m) = 3*m**2 + 9*m + 9. Calculate the remainder when 81 is divided by b(j).
18
Let d be (0/4)/5 - -2*2. What is the remainder when 2 - (d - (-3)/(3/(-115))) is divided by 39 + 1 - (2 - 0)?
37
Let q = -789 + 848. Calculate the remainder when q is divided by 11.
4
Let a(n) = -n**2 + 12*n + 18. Let g be a(13). Let o(u) = u**3 - 5*u**2 + 5*u - 6. Calculate the remainder when 55 is divided by o(g).
17
Let r(o) = -o**3 + 7*o**2 - 13*o - 5. Let c be r(6). Let v = -21 - c. What is the remainder when 101 is divided by v?
23
Suppose 4*m + 0*m - 24 = 0. Suppose -m*j + 609 = j. What is the remainder when j is divided by 15?
12
Suppose -5*o = -139 - 26. Let s(h) = h**2 - 3*h - 181. Calculate the remainder when s(21) is divided by o.
32
Suppose 0*w = 3*w + 3. Calculate the remainder when ((-24)/(-6))/(w/(-16)) is divided by 22.
20
Let w(n) = -n**3 - 3*n**2 - 2*n. Let j be w(-2). Suppose 4*t - 256 + 40 = j. Suppose y = 5*y - 112. What is the remainder when t is divided by y?
26
Suppose -3*z + 63 = 3*f, 2*f - 2*z - 34 = -6*z. Let r = f + 25. What is the remainder when r is divided by (-25)/(-30) + (-146)/(-12)?
11
Let u(i) = -i**3 - 8*i**2 - 8*i - 3. Let h be u(-7). Calculate the remainder when 34 is divided by (-27)/(-2)*h/6.
7
Let x = 69 + -61. Suppose -201 = -x*p + 319. What is the remainder when p is divided by 34?
31
Let b(x) = -3*x**3 - 17*x**2 + 10*x + 8. Calculate the remainder when b(-7) is divided by 34.
32
Let y(m) = 6*m - 3. Suppose 0 = u - 2*s - 56, -s + 70 = 4*u - 136. What is the remainder when u is divided by y(5)?
25
Let n(q) = q**2 - 55. Let x = 16 - 8. Suppose 4*g - a = 5*g - 44, 5*g = a + 220. What is the remainder when g is divided by n(x)?
8
Let k = -649 + 699. Calculate the remainder when 138 is divided by k.
38
Let s = -3 - -5. Suppose 5*o - 453 = 2*u, -s*u - 229 = 4*o - 595. Calculate the remainder when o is divided by 24.
19
Suppose 5*u + 4 - 139 = 0. Suppose 0 = -384*p + 401*p - 119. What is the remainder when u is divided by p?
6
What is the remainder when 2/8*-33*(69 + -221) is divided by 8?
6
Let l be 35/2*(-44)/(-77). Suppose -l*z = -7*z - 114. Calculate the remainder when z is divided by 10.
8
Suppose 156 = 14*c - 8*c. Let z = -78 - -154. What is the remainder when z is divided by c?
24
Let v(y) = -y + 1. Let d(x) = -3*x. Let s(t) = 2*d(t) - 14*v(t). Calculate the remainder when s(9) is divided by 16.
10
Calculate the remainder when (-7)/28 - (-346)/8 is divided by 29.
14
Suppose 3*x = 8 + 7. Calculate the remainder when (9 + -45)/((-3)/4) is divided by x.
3
Let d be 12 + 3 + -4 - -3. Let f(p) = -2*p + p**2 + d*p**3 + 4*p - 3*p**2 - 1 + p**2. What is the remainder when 40 is divided by f(1)?
12
Suppose l - 16 + 13 = 0. Let s be l/1 - (-13)/(-1). Let c(m) = m**2 + 5*m - 1. What is the remainder when c(s) is divided by 17?
15
Let c be 734/10 + (-14)/35. Let a = -51 + c. What is the remainder when 40 is divided by a?
18
Suppose 9*v - 14*v = 0. Let g(l) = 2*l**3 + l**2 + l + 68. What is the remainder when g(v) is divided by 10?
8
Let x(g) = 4*g + 49. Suppose 0*v + v - 3*b = -12, 5*v + 49 = 4*b. Suppose -a = -26 + 2. What is the remainder when a is divided by x(v)?
11
Suppose -o + j = -14, -5*o + 102 = -0*o + 3*j. Suppose -s = -3*c - 0*c - 49, -c + 37 = s. What is the remainder when s is divided by (-42)/(-4)*24/o?
12
Suppose 8*y + 90 = 13*y. Suppose 4*f - y = 18. What is the remainder when 24 is divided by f?
6
Let i = -29 + 33. Let l(u) = -u - 3. Calculate the remainder when l(-9) is divided by i.
2
Suppose 5*z - 5*d = 995, -2*z + d - 413 = -4*z. Let i = -194 + z. What is the remainder when (-47)/(-3) + (-2)/(-6) is divided by i?
6
Let g(c) = -c**2 + 15*c + 249. Calculate the remainder when g(22) is divided by 51.
44
Suppose o - 2 = 15. What is the remainder when (-370)/(-8) - (-10 + (-451)/(-44)) is divided by o?
12
Let b(d) = d**2 - d + 1. Let v be b(1). Suppose s - v = 8. Suppose 3*q - s - 48 = 0. What is the remainder when 75 is divided by q?
18
Suppose t - 5*k = -t - 10, 2*t - 26 = -4*k. Suppose -t - 5 = -5*b. Suppose 0 = b*p - p - 54. Calculate the remainder when p is divided by 19.
16
Suppose 3*s + 21 = c, -s + 29 = 5*c + 3*s. Let p(o) = o**2 + 7*o + 7. Calculate the remainder when p(-9) is divided by c.
7
Suppose -4*f = -s - 92, 0 = -2*f - 0*f - 4*s + 46. Calculate the remainder when 365 is divided by f.
20
Let c = -230 - -117. Let p = -109 - c. Calculate the remainder when p is divided by 2.
0
Let j = 51 + 163. What is the remainder when j is divided by 43?
42
Suppose -w + 4 = -1. Suppose 0*n - 4*n = -a + 27, -3*n - 16 = -5*a. Let m = 1 - n. What is the remainder when m is divided by w?
3
Suppose 3*v - 8 = 4*r + 36, 0 = 5*v - 2*r - 78. What is the remainder when 62 is divided by v?
14
Let q(x) = -x**3 - 8*x**2 - 15*x - 10. Let z be q(-7). Let b = 78 - z. What is the remainder when 157 is divided by b?
29
Suppose -5*j + 4*b = -79, -2*j + 5*j - 4*b = 49. Let l = 78 - 35. Calculate the remainder when l is divided by j.
13
Let z = -662 - -715. What is the remainder when z is divided by 18?
17
Let l(n) = -n**2 - 8*n - 3. Suppose 4*b = 2*i - 16, -2 = -5*i + b + 20. Let w = i - -18. Calculate the remainder when w is divided by l(-3).
10
Let f = 1954 + -1811. What is the remainder when f is divided by 40?
23
Let x = -111 + 114. Suppose 0 = x*u - 2*y - 18 + 3, -3*y + 16 = u. What is the remainder when u is divided by (-2)/7 - (-23)/7?
1
Suppose -w - 2 = -4. Suppose 27 - w = 3*j - 2*t, -2*j + 3*t = -25. Suppose j*l = 139 - 44. What is the remainder when 36 is divided by l?
17
Let m(s) = -4*s**2 + 2*s + 1. Let u be m(-1). Let g be -2*1 - (-7 - u). Suppose g = -2*c + 4*c - 66. What is the remainder when 64 is divided by c?
31
Let j be (-18 + 3)*9/15. What is the remainder when 3/j + 638/6 is divided by 27?
25
Let i = -612 - -789. Calculate the remainder when i is divided by 48.
33
Let i(a) = 181*a**2 - 2*a + 1. Let r be i(1). Suppose -5*v - 5*k = -v - r, v - 32 = 2*k. Calculate the remainder when v is divided by 1/(-1 - (-44)/42).
19
Let i = 660 - 427. Calculate the remainder when i is divided by 47.
45
Calculate the remainder when -3*40/(-6) - 6/(-2) is divided by 14.
9
Suppose -q = -0*q - 93. Calculate the remainder when q is divided by 3 + 62/(-22) - 130/(-11).
9
Suppose g - 3*g + 186 = 2*c, 0 = -c + 4*g + 113. Suppose -5*o + 86 = -14. Calculate the remainder when c is divided by o.
17
Let s = -25 - -307. Calculate the remainder when s is divided by 71.
69
Suppose 2*y + 421 - 591 = 0. What is the remainder when 423 is divided by y?
83
Let v = 10 - 24. Let w = 2 + -10. Let t = w - v. What is the remainder when t is divided by 2?
0
Let t be 1 - (-4)/(-2 - -4). Suppose 3*c = 65 - 11. Suppose -5*w + 5*f - 5 = 0, t*w + 2*f + 2*f = c. Calculate the remainder when w is divided by 2.
0
Let f be 5*(9/3 + -2). Suppose -29 + 4 = -f*z, -2*q - 3*z + 123 = 0. Calculate the remainder when q is divided by 28.
26
Let g(w) = 4*w**2 + 8*w - 3. Let d be g(-7). Let s = d - 97. Calculate the remainder when s is divided by 21.
19
Suppose -7*x + 3*p + 32 = -5*x, -12 = 3*p. Let k(j) = 25*j**3. Let d be k(1). Calculate the remainder when 3 is divided by (x/d)/(2/10).
1
Let p(c) = 3*c + 16. What is the remainder when 51 is divided by p(-3)?
2
Let c = 664 + -641. Calculate the remainder when c is divided by 15.
8
Suppose 238 = 2*c + 33*b - 38*b, 4*b - 334 = -3*c. What is the remainder when 441 is divided by c?
99
What is the remainder when 118 is d